erivative of 0 + 0*o - 4/3*o**3 + 5/24*o**4 + 34*o**2 + 1/60*o**5. Give v(-6).
-2
Let a(k) = -k**3 + 2*k**2 + 100*k - 4. Let f(n) = -n**3 + n**2 + 79*n - 4. Let x(p) = -4*a(p) + 5*f(p). Let j be 4/10 + 51/(-15). Determine x(j).
11
Let j(s) = 14 - 21*s - 10 + 11*s - 35. Let y be j(-3). Let z(g) = -g**2 + 1. Give z(y).
0
Let q(g) = -4*g + 15. Suppose -5637 - 721 = 17*c. Let d = c - -381. Determine q(d).
-13
Let m = 60 - 60. Suppose m = 190*c - 193*c. Let j(z) = z**3 + z + 22. What is j(c)?
22
Let g(f) be the second derivative of -f**4/12 - 7*f**3/6 + 2*f**2 - 1559*f. Let h be 22/(-6) + 3/(-9). Let l be 2 - 11 - h/2. Determine g(l).
4
Let o(k) be the second derivative of 49 + 0*k**2 - k - 1/6*k**3. Determine o(1).
-1
Suppose -c = -g + 3, 2*g + 2*g = -5*c + 3. Let t(v) = -3*v**2 + 2*v + 4. Let r(m) = -4*m**2 + 3*m + 5. Let w(n) = 2*r(n) - 3*t(n). Determine w(g).
2
Suppose -7*z + 5*w + 16 = -9*z, 3*z + w = 2. Suppose z = 2*q - 6. Let n(t) = t**3 - 4*t**2 + 3*t + 4. Calculate n(q).
16
Let i(j) = 7*j - 2. Let s(z) = -18*z + 3. Let q(k) = -5*i(k) - 2*s(k). Suppose -5*n = -n + 4. Let l = n - 4. Give q(l).
-1
Let i be (6/(-24))/(1/(-20)). Let a(j) = j**3 - 4*j**2 - 5*j - 12. Determine a(i).
-12
Suppose 4*x + x + 4*o - 205 = 0, 0 = 2*x + 5*o - 65. Suppose -39*s - 126 = -x*s. Let g(t) = t**3 - 21*t**2 + t - 19. Calculate g(s).
2
Let r(k) = k**3 - 3*k**2 + k - 9. Suppose -182*s + 2 = 1 + 1. What is r(s)?
-9
Let f(t) = 14*t + 8. Let z(y) = 37*y + 27. Let x(k) = -8*f(k) + 3*z(k). Determine x(15).
2
Let l(v) = -381*v**3 + 380*v**3 + 0*v**2 - 3 + 3*v**2 + 5*v + 0*v**2. Suppose 57*u = 28*u + 116. Calculate l(u).
1
Let i(v) = -5*v**2 + v + 1. Let u(f) = 3 + 14*f**2 - 3 - 15 + f - f**3. Let q(l) = 9*l - 94. Let t be q(12). Let z be u(t). Give i(z).
-5
Let v(i) = i**3 + 10*i**2 - 14*i + 28. Let p(b) = -b**3 + 21*b**2 + 118*b + 300. Let x be p(26). Calculate v(x).
-92
Let q(z) = -2*z**2 + z + 1. Suppose -3*c + b - 61 = 4, 5*c + 3*b + 85 = 0. Let s be (-72)/14*70/c. Let t be (-2)/6 - s/27. Calculate q(t).
-2
Suppose -49*a + 49 + 175 + 119 = 0. Let d(s) = -s**2 - 7*s**2 - 8 - s**3 + 6*s + 2*s**3. Determine d(a).
-15
Let d(w) = 3*w**2 + 3*w - 10. Suppose -5*j = -2*o + 27, 0 = -3*o + 7 + 11. Determine d(j).
8
Suppose -711 = z + 5*h - 752, 3*h - 26 = -2*z. Let b(g) = -2*g - 9. Determine b(z).
-11
Let i be 252/42 - 1*1*-1. Let t(w) = i*w - 6 + 5*w + 2*w**2 - 9*w - 3*w**2. Calculate t(4).
-10
Let v(o) = -26*o + 13. Let r(q) = 12*q - 7. Let u(g) = -9*r(g) - 4*v(g). Calculate u(4).
-5
Let l be 1/((-5)/(-2) + 3150/(-1300)). Let t(g) = -2*g**2 + 31*g - 55. Determine t(l).
10
Let b(x) = 3*x**2 + 13*x - 9. Let t(g) = 136*g - 550. Let r be t(4). Give b(r).
21
Let b(g) be the second derivative of -g**5/20 - 2*g**4/3 - g**3/6 - 27*g**2/2 - 38*g + 2. Give b(-8).
-19
Let w be (-302)/6*(37 + -19). Let r = w + 909. Let j(l) be the first derivative of 2*l**2 - 2*l - 1. Calculate j(r).
10
Let x(n) = -3*n + 80. Let d(l) = 975*l + 5877. Let o be d(-6). Determine x(o).
-1
Let g = 343 - 341. Let f(d) = -3 - 7*d**g - 2*d + 7 - 13*d**3 + 12*d**3. What is f(-5)?
-36
Let a(j) be the third derivative of -j**5/120 + j**4/8 - 5*j**3 - 2*j**2 - 2*j. Let g(v) be the first derivative of a(v). Determine g(3).
0
Let k(d) = d**3 - 2*d**2 + 3*d + 23. Let j(y) = 2*y**3 - 3*y**2 + 8*y + 49. Let i(c) = -6*j(c) + 13*k(c). Calculate i(9).
5
Let k(z) = -3*z - 9. Let u(x) be the first derivative of x**4/2 + 4*x**3/3 + 17*x**2/2 + 27*x + 271. Let w be u(-2). What is k(w)?
12
Let z(u) = -10*u - 4. Let b(q) = -6*q - 18. Let y(w) = 6*b(w) - 5*z(w). What is y(8)?
24
Let t(q) = 8*q - 1. Let c(g) = -4*g - 3. Let z(u) = -5*c(u) - 3*t(u). Determine z(5).
-2
Let o be 2/(-4) - -71*3/6. Suppose 25*a + o = 18*a. Let f(p) be the second derivative of p**5/20 + 5*p**4/12 - p**3/3 - 2*p**2 - 3*p. Determine f(a).
6
Suppose 25*i + 401 = 26*i. Suppose 375 = 2*r + i. Let x(d) = -d**2 - 11*d + 30. Determine x(r).
4
Let a(c) = 14*c**2 + 3*c - 4. Let v(d) = -4*d**2 - d + 1. Let t be ((-8)/(-6))/((-120)/900). Let s(g) = t*v(g) - 3*a(g). What is s(0)?
2
Let n(t) = -4*t + 0*t - 2 + 0 + 2*t. Let w be n(-1). Suppose 15*u - 7*u - 48 = w. Let r(k) = -2*k + 6. What is r(u)?
-6
Let f(a) = a**3 - 13*a + 127*a**2 + 114*a**2 - 4 + 3*a**3 + a**3 - 187*a**2. Determine f(-11).
18
Let y(i) be the second derivative of -i**5/20 + i**4/2 - i**3/3 + 6*i**2 + 2*i. Let w be (36/(-44))/((-6)/44). Give y(w).
0
Let h(y) = 3*y**2 + 61*y + 389. Let b(l) = -l**2 - 20*l - 127. Let p(g) = 17*b(g) + 6*h(g). What is p(-12)?
7
Let a(r) = 1 - 9*r + 0*r**2 + 6 - r**2 - r**3 - 11*r**2 + r**2. Suppose -140 = 5*f + 9*f. What is a(f)?
-3
Let n(o) be the first derivative of -o**4/4 + 26*o**3/3 - o**2/2 + 16*o - 24. Let m be n(26). Let y(u) = -2*u - 2. Determine y(m).
18
Let q(p) be the second derivative of p**4/12 + p**2 - 468*p - 2. Let t be 1*4/(-16)*-8. Determine q(t).
6
Let u(b) = 4 - 2*b**3 - 4. Let c(t) = -2*t + 32. Let s be c(10). Let j be (-2)/s*24/4. Give u(j).
2
Let k(g) = g**2 - g. Let z be k(1). Let t(b) = -28*b**2 - 1 + 0 - 204*b + 59*b**2 + 205*b - 32*b**2. Calculate t(z).
-1
Let c(y) = -y**3 - 2. Let w(j) = -33*j**2 + 2*j + 8. Let a be w(-2). Let s = -114 - a. Let p be -1 + 18/s + 80/(-280). What is c(p)?
-2
Let q(z) = 2*z**2 - 23*z - 16. Let i be (480/35)/4*(-7)/(-2). Give q(i).
-4
Suppose -d = 3*o - 71 - 153, o - 92 = 4*d. Let u(w) = 3*w**2 + o*w**3 - 97*w**3 - w - 3*w**2. Suppose -3*v + 4*a = -0*v + 13, -8 = 4*v - 3*a. Determine u(v).
-22
Let d(z) = z - 6. Suppose -5*t - h = -80, 3*t = -45*h + 47*h + 35. Suppose -q + t = 22. Calculate d(q).
-13
Let s(j) be the third derivative of 1/60*j**5 + 0 - 1/120*j**6 + 12*j**2 - 1/24*j**4 - 11/6*j**3 + 0*j. Suppose -w = -4*c - c, -3*c - 2*w = 0. Calculate s(c).
-11
Let k be (-6)/24*2*-10. Let i(o) = -o**2 + 11*o + 11. Let b(l) = l + 2. Let r(m) = 5*b(m) - i(m). Determine r(k).
-6
Let t(c) = -9*c**2 - 3*c + 6. Let s(f) = 4*f**2 + f - 2. Let i(d) = -5*s(d) - 2*t(d). Let b be (-15)/25 - 7/(105/(-9)). What is i(b)?
-2
Let t(q) = -6*q - 4. Let b(u) = -4*u - 3. Suppose -4*g = -5 - 15. Let j(h) = g*t(h) - 8*b(h). Let z be -5 - (-14)/21*3. Give j(z).
-2
Let k(o) be the third derivative of o**5/30 - o**4/12 - o**3/2 - 5*o**2. Suppose 19*d = 81 - 24. Determine k(d).
9
Let y = 52 - 49. Let w(h) = -1150 + 2282 + 0*h + 3*h - 1137. Give w(y).
4
Let a(v) = -87*v**2 - 333*v + 32. Let j be a(-4). Let d(s) = 4*s + 123. Give d(j).
11
Suppose 0 = g + 4*j + 19, -6 = -j + 3*j. Let d(q) be the second derivative of -1/12*q**4 + 14*q - q**3 + 2*q**2 + 3. What is d(g)?
-3
Let r(n) = 2*n - 2. Let y(z) = 191*z - 12 - 186*z - 3. Let d(u) = -3*r(u) + y(u). Determine d(-8).
-1
Let d = -3 + 1. Let n(c) = -c**2 + c - 2. Let i(z) = -z + 1. Let y(k) = d*i(k) - n(k). Suppose -4*t + 2*q + 11 = 3*q, 0 = -3*t - 3*q + 15. Give y(t).
6
Let c = -200 - -200. Let n(u) = -3 + c - 7*u + 2*u + 6 + u**2. Calculate n(8).
27
Let u(p) = 41*p**2 + 6*p + 13. Let x(t) = -13*t**2 - 2*t - 5. Let d(w) = 3*u(w) + 8*x(w). What is d(1)?
20
Let v(i) = i**2 + 4*i + 52. Let w(f) = 6*f**2 + 25*f + 332. Let y(g) = -19*v(g) + 3*w(g). Give y(0).
8
Suppose -5*o = 5*y + 5, 0 = y + 4*o + 1. Let k(p) = -2 + 13 + 5*p + 2. Let l(q) = 3*q + 7. Let a(d) = 6*k(d) - 11*l(d). Give a(y).
4
Suppose 0 = 2*h - 8, -h + 0*h + 22 = -3*t. Let y(z) = 4*z**2 + 7*z - 12. Let a be y(t). Let j be (a/75)/(4/(-10)). Let p(o) = 2*o**2 + 3*o - 3. What is p(j)?
6
Let s = -5427 + 5425. Let k(u) = -34*u - 74. Calculate k(s).
-6
Let q(x) = -x + 1. Let k(l) = -l**2 + 5*l - 4. Suppose -4 = -6*h - 10. Let y(o) = h*k(o) + 3*q(o). Suppose 7*u = 57 - 15. Determine y(u).
-5
Let k(d) = -6606 + 2155 - d**3 - 41*d**2 + 39*d + 2154 + 2156. Calculate k(-42).
-15
Let c(m) be the second derivative of 3*m**5/20 + m**4/12 - m**2/2 + 2*m + 241. Let f = 11 - 10. Determine c(f).
3
Let c(q) = -q**3 + 10*q**2 + 2*q - 23. Let b(g) = g**3 - 8*g**2 - 2*g + 26. Let a(r) = 2*b(r) + 3*c(r). Give a(14).
11
Let d(y) = -9. Let j(n) = n**2 - 10*n + 66. Let m(k) = 6*d(k) + j(k). Determine m(7).
-9
Let q = -4 + -61. Let y = q - -62. Let m(z) = 3*z**2 + 2*z + 2. Calculate m(y).
23
Let r(x) be the first derivative of x**5/20 - 7*x**4/12 - x**3/6 + 5*x**2 + 24*x + 16. Let f(n) be the first derivative of r(n). Let t = 47 - 40. Give f(t).
3
Let c